241
List the prime factors of 888708358.
2, 2239, 198461
List the prime factors of 700656031.
700656031
List the prime factors of 1156154741.
7, 165164963
List the prime factors of 30414526.
2, 79, 192497
List the prime factors of 678903407.
7, 13, 7460477
What are the prime factors of 1165252216?
2, 17, 19, 450949
What are the prime factors of 183674529?
3, 431, 47351
What are the prime factors of 102071092?
2, 113, 225821
List the prime factors of 50192671.
719, 69809
What are the prime factors of 5036508686?
2, 11, 59, 3880207
List the prime factors of 186140386.
2, 29, 3209317
What are the prime factors of 1369005231?
3, 11, 41485007
What are the prime factors of 70179593?
11, 6379963
List the prime factors of 742840755.
3, 5, 17, 31, 93971
What are the prime factors of 1603872447?
3, 173, 3090313
List the prime factors of 60729861.
3, 20243287
List the prime factors of 50549140.
2, 5, 2527457
What are the prime factors of 7083331?
7083331
List the prime factors of 180871577.
31, 37, 71, 2221
What are the prime factors of 1021559768?
2, 97, 103, 12781
What are the prime factors of 233899095?
3, 5, 103, 151391
List the prime factors of 6793699008.
2, 3, 463, 76423
What are the prime factors of 300655783?
2477, 121379
What are the prime factors of 1354438454?
2, 761, 889907
What are the prime factors of 719986118?
2, 359993059
What are the prime factors of 2498213640?
2, 3, 5, 13, 41, 139, 281
What are the prime factors of 50864620?
2, 5, 181, 14051
List the prime factors of 209356825.
5, 197, 42509
List the prime factors of 203376824.
2, 7, 3631729
List the prime factors of 34426177.
449, 76673
List the prime factors of 1645932550.
2, 5, 181, 181871
What are the prime factors of 68826513?
3, 7, 1481, 2213
What are the prime factors of 286764045?
3, 5, 41, 466283
What are the prime factors of 4018758248?
2, 17, 19, 1555247
What are the prime factors of 22955583?
3, 7, 79, 101, 137
List the prime factors of 942167778.
2, 3, 17, 37, 249647
List the prime factors of 7072146769.
19, 1531, 243121
List the prime factors of 109901031.
3, 3533, 10369
List the prime factors of 12589819.
11, 1144529
What are the prime factors of 10207502?
2, 5103751
What are the prime factors of 64503912?
2, 3, 11, 244333
List the prime factors of 32801328.
2, 3, 7, 10847
List the prime factors of 56413322.
2, 7, 59, 163, 419
What are the prime factors of 419599436?
2, 104899859
List the prime factors of 212203212.
2, 3, 13, 1360277
List the prime factors of 36000657.
3, 7, 11, 51949
List the prime factors of 36054505.
5, 7210901
What are the prime factors of 60577378?
2, 30288689
List the prime factors of 200821072.
2, 12551317
What are the prime factors of 86462636?
2, 13, 37, 44939
List the prime factors of 1729644785.
5, 11, 277, 10321
List the prime factors of 20958898.
2, 47, 222967
List the prime factors of 344796320.
2, 5, 11, 195907
What are the prime factors of 188557683?
3, 109, 191, 3019
What are the prime factors of 203135479?
19, 3181, 3361
What are the prime factors of 554919473?
12953, 42841
List the prime factors of 26300843.
59, 223, 1999
List the prime factors of 9453393.
3, 19, 59, 937
List the prime factors of 5327423112.
2, 3, 11, 131, 154043
What are the prime factors of 52235493?
3, 113, 154087
List the prime factors of 250155693.
3, 59, 61, 7723
List the prime factors of 13370768.
2, 835673
What are the prime factors of 279726146?
2, 7, 1747, 11437
What are the prime factors of 488101646?
2, 191, 1277753
List the prime factors of 114717981.
3, 7, 181, 30181
List the prime factors of 24758816.
2, 773713
What are the prime factors of 35517383?
11, 47, 68699
What are the prime factors of 6372010183?
7, 11, 19, 23, 409, 463
What are the prime factors of 5056984927?
113, 44752079
What are the prime factors of 640651829?
61, 10502489
What are the prime factors of 2086462311?
3, 695487437
What are the prime factors of 130628009?
41, 127, 25087
What are the prime factors of 7191415?
5, 7, 11, 18679
List the prime factors of 839758724.
2, 7, 17, 1764199
List the prime factors of 78612311.
31, 2535881
List the prime factors of 5744649803.
89, 229, 3167
What are the prime factors of 102209324?
2, 7, 3650333
List the prime factors of 3509220.
2, 3, 5, 11, 13, 409
List the prime factors of 305738631.
3, 11, 343141
List the prime factors of 100402612.
2, 17, 19, 77711
What are the prime factors of 11526810?
2, 3, 5, 384227
List the prime factors of 269752660.
2, 5, 13487633
List the prime factors of 899799608.
2, 112474951
What are the prime factors of 16329092?
2, 13, 314021
What are the prime factors of 121409827?
7, 11, 83, 157
What are the prime factors of 17493067?
17493067
What are the prime factors of 15564525?
3, 5, 139, 1493
List the prime factors of 312426149.
7, 53, 191, 4409
What are the prime factors of 65707272?
2, 3, 29, 31469
What are the prime factors of 7071479081?
1129, 6263489
What are the prime factors of 365954757?
3, 7, 59, 295363
List the prime factors of 58342849.
3821, 15269
List the prime factors of 670908025.
5, 337, 79633
What are the prime factors of 24003166?
2, 11, 1091053
List the prime factors of 15721878.
2, 3, 2620313
List the prime factors of 102631720.
2, 5, 17, 150929
List the prime factors of 121817376.
2, 3, 17, 139, 179
What are the prime factors of 727256514?
2, 3, 73, 503, 3301
List the prime factors of 194976445.
5, 47, 829687
List the prime factors of 37112066.
2, 809, 22937
List the prime factors of 3764135993.
3764135993
What are the prime factors of 870611000?
2, 5, 7, 277, 449
What are the prime factors of 4841970412?
2, 19, 63710137
List the prime factors of 441794462.
2, 220897231
What are the prime factors of 786151182?
2, 3, 19, 6896063
What are the prime factors of 3563688?
2, 3, 83, 1789
List the prime factors of 52498819.
37, 41, 34607
List the prime factors of 2288190251.
163, 359, 39103
What are the prime factors of 8885862?
2, 3, 54851
What are the prime factors of 54404238?
2, 3, 7, 1295339
List the prime factors of 56164997.
7, 541, 14831
What are the prime factors of 2692160597?
7, 19, 2891687
What are the prime factors of 4592677314?
2, 3, 765446219
What are the prime factors of 455667962?
2, 9679, 23539
List the prime factors of 61241201.
7, 8748743
What are the prime factors of 2653048397?
20533, 129209
List the prime factors of 498491430.
2, 3, 5, 16616381
What are the prime factors of 778323338?
2, 13, 53, 10657
List the prime factors of 11969818.
2, 7, 67, 1823
What are the prime factors of 600013721?
41, 14634481
List the prime factors of 424562653.
424562653
What are the prime factors of 54443016?
2, 3, 84017
What are the prime factors of 7720364255?
5, 1544072851
List the prime factors of 4418744836.
2, 11, 31, 3239549
List the prime factors of 658500313.
79, 8335447
List the prime factors of 2993745202.
2, 7, 213838943
What are the prime factors of 213286981?
17, 23, 37, 641
What are the prime factors of 125781003?
3, 617, 22651
List the prime factors of 43564314.
2, 3, 7260719
List the prime factors of 56602246.
2, 2273, 12451
What are the prime factors of 241809?
3, 80603
List the prime factors of 63060591.
3, 11, 1910927
What are the prime factors of 2327456832?
2, 3, 19, 137, 4657
List the prime factors of 19806634.
2, 23, 430579
List the prime factors of 43027653.
3, 347, 41333
List the prime factors of 97333131.
3, 7, 131, 35381
What are the prime factors of 360264324?
2, 3, 7, 349, 12289
What are the prime factors of 31119368?
2, 7, 23, 37, 653
List the prime factors of 1166044083.
3, 1097, 354313
What are the prime factors of 457722871?
71, 6446801
What are the prime factors of 938842137?
3, 34771931
List the prime factors of 21806303.
163, 133781
What are the prime factors of 309225?
3, 5, 7, 19, 31
What are the prime factors of 199699342?
2, 5581, 17891
List the prime factors of 278494638.
2, 3, 31, 1497283
What are the prime factors of 65032319?
11, 5912029
What are the prime factors of 340464840?
2, 3, 5, 1213, 2339
List the prime factors of 118706767.
17, 37, 41, 4603
What are the prime factors of 1617238728?
2, 3, 7, 458401
What are the prime factors of 462356444?
2, 11, 31, 419, 809
List the prime factors of 11629785.
3, 5, 17, 59, 773
What are the prime factors of 